
7
What is the ten thousands digit of 2472515?
7
What is the tens digit of 11696574?
7
What is the millions digit of 3079581?
3
What is the millions digit of 5102956?
5
What is the ten thousands digit of 16626791?
2
What is the thousands digit of 1548915?
8
What is the hundreds digit of 295371?
3
What is the hundreds digit of 3154138?
1
What is the units digit of 279495?
5
What is the millions digit of 1795220?
1
What is the units digit of 25102?
2
What is the tens digit of 2849643?
4
What is the tens digit of 10162362?
6
What is the hundreds digit of 4076156?
1
What is the millions digit of 1447744?
1
What is the thousands digit of 1336080?
6
What is the ten thousands digit of 253616?
5
What is the thousands digit of 7369030?
9
What is the tens digit of 5168?
6
What is the hundreds digit of 5319934?
9
What is the ten thousands digit of 353503?
5
What is the tens digit of 2159111?
1
What is the ten millions digit of 29118029?
2
What is the units digit of 90390?
0
What is the tens digit of 53612?
1
What is the tens digit of 3913158?
5
What is the ten thousands digit of 700244?
0
What is the thousands digit of 311002?
1
What is the ten thousands digit of 199828?
9
What is the ten thousands digit of 1917071?
1
What is the thousands digit of 9252348?
2
What is the units digit of 374638?
8
What is the tens digit of 6005358?
5
What is the hundreds digit of 264324?
3
What is the thousands digit of 159989?
9
What is the thousands digit of 9886?
9
What is the units digit of 179535?
5
What is the millions digit of 31774156?
1
What is the tens digit of 458052?
5
What is the thousands digit of 586841?
6
What is the hundreds digit of 341459?
4
What is the millions digit of 1081645?
1
What is the tens digit of 639511?
1
What is the units digit of 277376?
6
What is the thousands digit of 2468568?
8
What is the units digit of 15592880?
0
What is the hundreds digit of 21571684?
6
What is the hundreds digit of 2048819?
8
What is the hundreds digit of 718021?
0
What is the thousands digit of 1632972?
2
What is the tens digit of 12758784?
8
What is the thousands digit of 18541634?
1
What is the ten thousands digit of 3554109?
5
What is the millions digit of 21568976?
1
What is the units digit of 10880?
0
What is the hundreds digit of 338859?
8
What is the tens digit of 3360870?
7
What is the thousands digit of 300495?
0
What is the hundred thousands digit of 7512512?
5
What is the thousands digit of 30719777?
9
What is the tens digit of 348653?
5
What is the thousands digit of 3604267?
4
What is the hundred thousands digit of 424441?
4
What is the units digit of 3842486?
6
What is the hundreds digit of 46129?
1
What is the units digit of 509645?
5
What is the millions digit of 1171470?
1
What is the thousands digit of 211878?
1
What is the tens digit of 6888684?
8
What is the hundred thousands digit of 209282?
2
What is the tens digit of 238795?
9
What is the units digit of 6620133?
3
What is the units digit of 99512?
2
What is the units digit of 566485?
5
What is the hundreds digit of 9050040?
0
What is the units digit of 24675874?
4
What is the thousands digit of 3616734?
6
What is the hundred thousands digit of 359461?
3
What is the hundred thousands digit of 2395838?
3
What is the hundreds digit of 21031839?
8
What is the hundreds digit of 2826?
8
What is the hundreds digit of 3758705?
7
What is the thousands digit of 750253?
0
What is the ten thousands digit of 962088?
6
What is the units digit of 676905?
5
What is the hundred thousands digit of 494007?
4
What is the units digit of 1341396?
6
What is the hundred thousands digit of 278240?
2
What is the hundreds digit of 211006?
0
What is the units digit of 2406876?
6
What is the ten thousands digit of 1532599?
3
What is the units digit of 2032125?
5
What is the hundreds digit of 5052684?
6
What is the thousands digit of 207422?
7
What is the hundreds digit of 6642?
6
What is the hundreds digit of 1630470?
4
What is the thousands digit of 1210071?
0
What is the ten millions digit of 20599800?
2
What is the hundreds digit of 178911?
9
What is the hundreds digit of 10535370?
3
What is the units digit of 1418805?
5
What is the hundred thousands digit of 2871032?
8
What is the ten thousands digit of 21578939?
7
What is the ten thousands digit of 782161?
8
What is the hundreds digit of 24642131?
1
What is the units digit of 22851002?
2
What is the tens digit of 645936?
3
What is the hundreds digit of 2473896?
8
What is the ten thousands digit of 470021?
7
What is the hundreds digit of 7610927?
9
What is the hundred thousands digit of 253197?
2
What is the thousands digit of 634802?
4
What is the tens digit of 932195?
9
What is the tens digit of 452834?
3
What is the units digit of 42116?
6
What is the units digit of 2819267?
7
What is the millions digit of 22936233?
2
What is the units digit of 8664908?
8
What is the tens digit of 1679770?
7
What is the tens digit of 16416165?
6
What is the millions digit of 1244988?
1
What is the hundreds digit of 837274?
2
What is the millions digit of 39479385?
9
What is the hundreds digit of 157755?
7
What is the thousands digit of 2399971?
9
What is the ten thousands digit of 467236?
6
What is the thousands digit of 778087?
8
What is the hundreds digit of 126853?
8
What is the hundreds digit of 7283090?
0
What is the millions digit of 1199266?
1
What is the units digit of 1336563?
3
What is the thousands digit of 4485269?
5
What is the ten thousands digit of 2140419?
4
What is the thousands digit of 23633?
3
What is the ten thousands digit of 11595915?
9
What is the ten thousands digit of 3604773?
0
What is the tens digit of 3321614?
1
What is the hundreds digit of 865966?
9
What is the hundreds digit of 2857638?
6
What is the hundreds digit of 5412209?
2
What is the units digit of 111750?
0
What is the hundred thousands digit of 3387713?
3
What is the tens digit of 1256222?
2
What is the units digit of 36460?
0
What is the tens digit of 8403105?
0
What is the tens digit of 4208542?
4
What is the units digit of 430692?
2
What is the thousands digit of 8602233?
2
What is the thousands digit of 2308608?
8
What is the hundred thousands digit of 10369346?
3
What is the hundred thousands digit of 6400084?
4
What is the hundred thousands digit of 2110541?
1
What is the millions digit of 1324743?
1
What is the ten thousands digit of 5219482?
1
What is the hundred thousands digit of 810541?
8
What is the tens digit of 1688353?
5
What is the thousands digit of 259240?
9
What is the tens digit of 27631?
3
What is the hundreds digit of 2896643?
6
What is the units digit of 388302?
2
What is the tens digit of 167363?
6
What is the units digit of 6794998?
8
What is the units digit of 3655292?
2
What is the units digit of 174863?
3
What is the units digit of 244919?
9
What is the thousands digit of 9311730?
1
What is the hundreds digit of 847294?
2
What is the thousands digit of 289577?
9
What is the tens digit of 1938148?
4
What is the thousands digit of 145446?
5
What is the tens digit of 4747710?
1
What is the ten thousands digit of 5219487?
1
What is the thousands digit of 533299?
3
What is the tens digit of 17287515?
1
What is the hundreds digit of 4979792?
7
What is the thousands digit of 4522586?
2
What is the millions digit of 26807929?
6
What is the hundreds digit of 565200?
2
What is the ten thousands digit of 1269424?
6
What is the ten thousands digit of 5540002?
4
What is the units digit of 698135?
5
What is the thousands digit of 40799?
0
What is the thousands digit of 1549554?
9
What is the ten thousands digit of 12289259?
8
What is the ten thousands digit of 553609?
5
What is the tens digit of 3951250?
5
What is the tens digit of 2269646?
4
What is the ten thousands digit of 8447372?
4
What is the ten thousands digit of 6636546?
3
What is the tens digit of 604729?
2
What is the thousands digit of 5494503?
4
What is the ten millions digit of 24882216?
2
What is the hundreds digit of 71105?
1
What is the hundred thousands digit of 1120420?
1
What is the ten millions digit of 10660245?
1
What is the tens digit of 1798716?
1
What is the hundreds digit of 4889245?
2
What is the tens digit of 21430697?
9
What is the hundreds digit of 5921038?
0
What is the thousands digit of 